3912 = -103, -2*a + 15*v + 1645 = 0. What are the prime factors of a?
2, 5
Suppose 142340 = 23*w - 3*w. What are the prime factors of w?
11, 647
Let j = -79 + 83. Suppose 3*h = 6*h - j*r + 18, 2*r - 10 = 2*h. What are the prime factors of (183/h - 4)*-2?
191
Let o = -7482 - -12454. What are the prime factors of o?
2, 11, 113
Let t = 2163 + 3220. List the prime factors of t.
7, 769
Let g(k) = -2*k + 23. Let s be g(7). Let h(o) = o**3 - 7*o**2 - 12*o - 8. Let u be h(s). List the prime factors of (3 - (0 + u))/((-4)/8).
2, 43
Let z(f) = 96*f + 6. Let w(b) = -64*b - 4. Let g(v) = -8*w(v) - 5*z(v). Suppose -106*i = -146*i + 160. List the prime factors of g(i).
2, 5, 13
Suppose 0 = 2*u + 5*m - 3620, u + 229*m - 234*m - 1810 = 0. What are the prime factors of u?
2, 5, 181
Let o be 1 + 3 - (-53 - -54). Suppose -858 = -2*x - t, 0 = o*x - 4*x - t + 428. What are the prime factors of x?
2, 5, 43
Let z(d) = -3*d + 1. Let o be z(3). Let l(r) = -4201 - r - 4206 - 5*r**2 + 8412 - r**3. What are the prime factors of l(o)?
5, 41
Suppose -4*i + c = -12, 9 = -2*i + 5*i + 2*c. Suppose i*h - 20 = -4*k + 2*k, -2*h + 2*k = -30. Suppose -h*q + 284 = 54. What are the prime factors of q?
23
Suppose 278707 = 395*u + 44*u - 519395. List the prime factors of u.
2, 3, 101
Let v(g) be the first derivative of g**3 + 28*g**2 - 38*g - 37. List the prime factors of v(-24).
2, 173
Suppose 7*s - 6 = 5*s. Suppose 1 = k - u, -s*k - u - 13 = -7*k. Suppose -416 = -k*j + 4*c, 4*j = -0*c - 5*c + 371. What are the prime factors of j?
3, 11
Suppose -l = -4, 3*f - 2*l = -3*l + 19. Let o(z) = 9*z - 47. Let g be o(f). List the prime factors of (-345)/g - -6*6/(-24).
3, 19
Let y(v) = 1065*v + 67. Let h be y(4). Suppose 1098 + h = 3*g - 5*q, -5*q = -4*g + 7225. List the prime factors of g.
2, 3, 5
Let v(i) = -3558*i + 773. What are the prime factors of v(-19)?
5, 547
Let u be 552/39 - 4/26. Let v = u - 14. Suppose v = -2*p - 3*p + 595. List the prime factors of p.
7, 17
Let o(m) be the third derivative of 0*m + 1/30*m**5 - 7/2*m**3 - 3/8*m**4 + 0 + 20*m**2. What are the prime factors of o(-7)?
2, 5, 7
Suppose -2000 = 11*t - 39180. What are the prime factors of t?
2, 5, 13
Let p(w) = -w**3 + 2*w**2 + w. Let d(y) = -3*y**3 + 8*y - 3. Let t(b) = d(b) - 2*p(b). What are the prime factors of t(-11)?
2, 389
Let o = -653 - -1807. Suppose -7*p + o = -652. List the prime factors of p.
2, 3, 43
Suppose -638676 = 56*h - 1710908. What are the prime factors of h?
41, 467
Let q(s) = 272*s**2 + 82*s + 19. List the prime factors of q(-9).
21313
What are the prime factors of -1206*5*684/(-120)?
3, 19, 67
Let o = 1 - -1. List the prime factors of 178/1 - (o + 3).
173
Let b(r) = -161*r - 3. Let t be b(1). Suppose 13*m + 549 - 3903 = 0. Let q = t + m. List the prime factors of q.
2, 47
Let c(p) = -78534*p - 1065. List the prime factors of c(-1).
3, 7, 17, 31
Let l(c) = -7*c**3 + 5*c + 7. Let z be l(4). Let a = 920 + z. List the prime factors of a.
499
Let y = 491 + -56. Suppose 0*l + 3*l = y. List the prime factors of l.
5, 29
Let f = -29560 - -78371. What are the prime factors of f?
7, 19, 367
Suppose 5*v + 2*z = 390, -v + 29 + 36 = 3*z. Suppose 3*p = 3*l - 219, 86 = 2*l + 2*p - v. Let w = 124 - l. What are the prime factors of w?
2, 23
Let s = 288 - 162. Let t be ((-944)/12)/(-2)*-3. Let g = t + s. What are the prime factors of g?
2
Let c = 903 - -21. Suppose 0 = -9*n + 4794 - c. What are the prime factors of n?
2, 5, 43
Let b(u) = 2*u**3 + 22*u**2 + 14*u + 23. Let j = -53 + 53. Suppose j = -7*y - 38 - 32. What are the prime factors of b(y)?
83
Let c(h) = -2*h**3 - 19*h**2 - 6*h - 12. Let b be c(-8). Let j = b - -1212. List the prime factors of j.
2, 3, 11
Let y be 267*(1/1)/(-1). Let p = y - -503. Suppose -p = -x - 3*x. What are the prime factors of x?
59
Suppose 117*n = 1196408 + 822310. List the prime factors of n.
2, 8627
Let s(o) = -704*o + 51. Let z be s(-6). Suppose -5*y = -5*g + z, 3*g + 19*y - 2567 = 24*y. What are the prime factors of g?
2, 7, 61
Suppose 23*u - 3116 = 21*u. Let y = 2791 - u. List the prime factors of y.
3, 137
Suppose -3*q + 606 = 5*b, -2*b = -4*b - 5*q + 231. Suppose j - 109 = b. List the prime factors of j.
2, 29
Let l(g) be the first derivative of 13*g**2 - 4*g - 67. What are the prime factors of l(13)?
2, 167
List the prime factors of ((-2478)/84 + 1/(-2))*-58.
2, 3, 5, 29
Let m be (-34)/85 - 4912/(-5). What are the prime factors of m + (-1 - -3)*4?
2, 3, 5, 11
Let y be ((-4)/8)/(9/(-1062)). Let v = y - 36. What are the prime factors of v?
23
Let x = 18527 - 17531. What are the prime factors of x?
2, 3, 83
Suppose -16*t = -55477 - 55531. What are the prime factors of t?
2, 3469
Let l = 434 + -444. Let a(w) = 2*w**3 + 30*w**2 + w + 40. What are the prime factors of a(l)?
2, 5, 103
Let h(s) = 29*s**2 - 124*s + 32. List the prime factors of h(-19).
13, 23, 43
Let d = -1 + 9. Suppose 0 = -d*j + 14 + 10. Suppose -3*v - 5*g - 710 = -6*v, 5*v - 1210 = j*g. What are the prime factors of v?
5, 7
Let h be 1444/6 - ((-3)/9 - 0). Let o = -401 + h. What are the prime factors of (-4 - -3 - o) + -2?
157
Suppose 64*a = 59*a + q + 10784, -4*q = -a + 2153. List the prime factors of a.
3, 719
Suppose 0 = 2*r + 3*r - 3300. Suppose -23*s + 26*s = r. Suppose s = -x + 3*x - 4*w, w - 539 = -5*x. What are the prime factors of x?
2, 3
Let i(p) be the third derivative of -1/24*p**4 + 1/60*p**5 + 5*p**2 + 0*p + 0 + p**3. List the prime factors of i(5).
2, 13
Let l = 2525 + -3729. Let c = 1715 + l. List the prime factors of c.
7, 73
Let k = -229 + 236. What are the prime factors of 164*(8 - k) + -5?
3, 53
Suppose -40 = 5*r, q + 77*r - 15621 = 74*r. What are the prime factors of q?
3, 5, 7, 149
Let z be 12 - (6 - (3 - 2 - -2)). Let a be 4*83*(z + -8). Suppose -4*s - s = -3*y + a, s = 4*y - 437. What are the prime factors of y?
109
Let o be (6/(-21))/((-4)/28). Suppose 18 = o*s - 10. Let j(y) = y**2 - 9*y - 28. What are the prime factors of j(s)?
2, 3, 7
What are the prime factors of (-2*(-2463)/30 - -5)/(15/950)?
2, 3, 19, 47
Let k be -24*((2 - 35/(-15)) + -4). What are the prime factors of 69/552 - 7167/k?
2, 7
List the prime factors of (-24)/5*((-982)/1473)/(2/28880).
2, 19
Let p(a) = 2*a**3 + 175*a**2 - 24*a + 50. List the prime factors of p(-87).
17, 571
Suppose -3*m + 159 = 3*z, -4*z + 0*m + 5*m + 248 = 0. Suppose -2*r + 42 = -o - z, 5*o - 25 = 0. List the prime factors of r.
2, 13
Suppose -20608 - 4149 = -2*m + 5*t, -4*t = 20. What are the prime factors of m?
2, 3, 229
Let s(h) = h**3 - 5*h - 7. Let j be s(3). Suppose -4*v + 854 = -3*c, 0*v + j*c = 3*v - 646. Suppose 0 = -t + 5*t - v. List the prime factors of t.
53
Let y(d) = -d**3 + 8*d**2 + 4*d - 19. Let z be y(9). Let i = z - -251. List the prime factors of i.
11, 17
Suppose 4*a + 98 = z, 3*z + 4*a = 9*a + 259. Let r = z - 66. What are the prime factors of r/(-3) + -9*(-16)/3?
2, 11
Let n(b) = -b**3 - 7*b**2 - 12*b - 6. Let k be n(-5). Suppose 3150 = k*u + 1042. List the prime factors of u.
17, 31
Let l be 2/6*(-56 + 68). Suppose -3*j = -4*t + 679, 5*t + l*j - 3*j = 825. List the prime factors of t.
2, 83
Let q(c) = 18*c**3 - 35*c**2 - 11*c - 17. What are the prime factors of q(7)?
3, 5, 97
Suppose -182*h = -106*h - 735148. What are the prime factors of h?
17, 569
Suppose -15*f = -11*f - 72. Let l(h) = -h**2 + 27*h - 27. What are the prime factors of l(f)?
3, 5
Suppose 2*o = -4*m - 6, 5*m = -2*o - 3*o. Suppose -9*j - 48 = o*j. What are the prime factors of (-645)/(3 - 8) + j?
5
Suppose -33*l = -262 - 134. What are the prime factors of -3 + ((-179)/(-4))/(1/l)?
2, 3, 89
Suppose -w - 3*z + 601 = 0, 3*z + 1777 = 3*w - z. Let o = -1839 + 1475. Let v = o + w. List the prime factors of v.
3, 7, 11
Suppose 4*j - 3 = 13. Suppose -3*g = -n - 625, -j*g = 4*n - n - 842. Let t = g - 124. What are the prime factors of t?
5, 17
Let t = 9 + 237. Suppose 8*a - 483 = 5*a. Let i = t - a. What are the prime factors of i?
5, 17
Let b = -4 - -11. Let t be 0 + 0 - (2 - b). Suppose -a = 3*m - 329 - 60, 2*a = t*m - 663. List the prime factors of m.
131
List the prime factors of 4 - (7687/2)/(9/(-18)).
7691
Let a = 32 + -25. Let c be a/42 - 9740/(-24). Suppose -c = -2*d + 4*q, -2*d + 3*q + 322 = -85. What are the prime factors of d?
5, 41
Let h(z) = 7*z**2 - 100*z + 13